{"id":201,"date":"2024-04-08T15:31:37","date_gmt":"2024-04-08T18:31:37","guid":{"rendered":"https:\/\/cedin.tisolucion.cl\/colegio-coquimbo\/?page_id=201"},"modified":"2024-06-24T22:15:22","modified_gmt":"2024-06-25T02:15:22","slug":"horario-de-atencion-atedl","status":"publish","type":"page","link":"https:\/\/cedin.tisolucion.cl\/colegio-coquimbo\/horario-de-atencion-atedl\/","title":{"rendered":"Horario de atenci\u00f3n Trastornos Esp. del Lenguaje"},"content":{"rendered":"\n<main class=\"wp-block-group alignfull site-content has-black-primary-gradient-background has-background has-global-padding is-layout-constrained wp-block-group-is-layout-constrained\" id=\"links-4col\" style=\"margin-top:0;padding-top:80px;padding-bottom:80px\">\n<h3 class=\"wp-block-heading has-text-align-center has-header-footer-color has-text-color\"><strong>HORARIO DE ATENCI\u00d3N DE PADRES Y APODERADOS<\/strong><\/h3>\n\n\n\n<p class=\"has-text-align-center\"><strong>\u00c1REA TRASTORNOS ESPEC\u00cdFICOS DEL LENGUAJE<\/strong> <strong>A\u00d1O ACAD\u00c9MICO 2024<\/strong><\/p>\n\n\n\n<div style=\"height:60px\" aria-hidden=\"true\" class=\"wp-block-spacer\"><\/div>\n\n\n\n<figure class=\"wp-block-table is-style-stripes\"><table style=\"border-style:none;border-width:0px\"><thead><tr><th>NOMBRE DOCENTE<\/th><th class=\"has-text-align-center\" data-align=\"center\">CURSO \/ ASIGNATURA<\/th><th class=\"has-text-align-center\" data-align=\"center\">HORARIO<\/th><\/tr><\/thead><tbody><tr><td>ELISABETH FERN\u00c1NDEZ<\/td><td class=\"has-text-align-center\" data-align=\"center\">NIVEL MEDIO<\/td><td class=\"has-text-align-center\" data-align=\"center\">MARTES \/ 15:15 A 16:00<\/td><\/tr><tr><td>MAR\u00cdA EUGENIA TELLO<\/td><td class=\"has-text-align-center\" data-align=\"center\">PRE-KINDER A<\/td><td class=\"has-text-align-center\" data-align=\"center\">MI\u00c9RCOLES \/ 16:00 A 16:45<\/td><\/tr><tr><td>MAR\u00cdA EUGENIA TELLO<\/td><td class=\"has-text-align-center\" data-align=\"center\">KINDER A<\/td><td class=\"has-text-align-center\" data-align=\"center\">MI\u00c9RCOLES \/ 10:15 A 11:00<\/td><\/tr><tr><td>CAROLINA MART\u00cdNEZ<\/td><td class=\"has-text-align-center\" data-align=\"center\">KINDER B<\/td><td class=\"has-text-align-center\" data-align=\"center\">MI\u00c9RCOLES \/ 12:00 A 12:45<\/td><\/tr><\/tbody><\/table><figcaption class=\"wp-element-caption\">Horarios de atenci\u00f3n disponibles para el a\u00f1o 2024<\/figcaption><\/figure>\n\n\n\n<p class=\"has-text-align-center\"><strong>CAROLINA MART\u00cdNEZ<\/strong><\/p>\n\n\n\n<p class=\"has-text-align-center\"><strong>JEFE UNIDAD T\u00c9CNICA PEDAG\u00d3GICA<\/strong><\/p>\n\n\n\n<p class=\"has-text-align-center\"><strong>TRASTORNOS ESPECIFICOS DEL LENGUAJE<\/strong><\/p>\n\n\n\n<p class=\"has-text-align-center\"><strong>COLEGIO CEDIN<\/strong><\/p>\n\n\n\n<p class=\"has-text-align-center\"><strong>COQUIMBO<\/strong><\/p>\n\n\n\n<div class=\"wp-block-file aligncenter\"><a id=\"wp-block-file--media-3150020a-93c8-416f-8302-5338c33b0b68\" href=\"https:\/\/cedin.tisolucion.cl\/colegio-coquimbo\/wp-content\/uploads\/sites\/3\/2024\/04\/Lenguaje-Horario-de-Atencion-Padres-y-Apoderados.docx\">Lenguaje-Horario-de-Atencion-Padres-y-Apoderados<\/a><a href=\"https:\/\/cedin.tisolucion.cl\/colegio-coquimbo\/wp-content\/uploads\/sites\/3\/2024\/04\/Lenguaje-Horario-de-Atencion-Padres-y-Apoderados.docx\" class=\"wp-block-file__button wp-element-button\" download aria-describedby=\"wp-block-file--media-3150020a-93c8-416f-8302-5338c33b0b68\">Descargar<\/a><\/div>\n<\/main>\n\n\n\n<main class=\"wp-block-group alignfull site-content has-primary-background-color has-background has-global-padding is-layout-constrained wp-block-group-is-layout-constrained\" id=\"links-4col\" style=\"margin-top:0;padding-top:80px;padding-bottom:80px\">\n<h3 class=\"wp-block-heading has-text-align-center has-white-color has-text-color\">Horario Atenci\u00f3n<\/h3>\n\n\n\n<div style=\"height:60px\" aria-hidden=\"true\" class=\"wp-block-spacer\"><\/div>\n\n\n\n<div class=\"wp-block-columns is-layout-flex wp-container-core-columns-is-layout-28f84493 wp-block-columns-is-layout-flex\">\n<div class=\"wp-block-column is-vertically-aligned-center is-style-round-corners has-header-footer-background-color has-background is-layout-flow wp-block-column-is-layout-flow\" style=\"padding-top:80px;padding-right:var(--wp--preset--spacing--medium);padding-bottom:80px;padding-left:var(--wp--preset--spacing--medium)\">\n<div class=\"wp-block-outermost-icon-block items-justified-center\"><a class=\"icon-container\" href=\"https:\/\/cedin.tisolucion.cl\/colegio-coquimbo\/horario-de-atencion\/\" style=\"width:48px\"><svg width=\"64\" height=\"58\" viewBox=\"0 0 64 58\" fill=\"none\" xmlns=\"http:\/\/www.w3.org\/2000\/svg\"><path d=\"M64 0L58.656 5.344L53.344 0L48 5.344L42.656 0L37.344 5.344L32 0L26.656 5.344L21.344 0L16 5.344L10.656 0L5.344 5.344L0 0V51.2C0 54.72 2.88 57.6 6.4 57.6H57.6C61.12 57.6 64 54.72 64 51.2V0ZM28.8 51.2H6.4V32H28.8V51.2ZM57.6 51.2H35.2V44.8H57.6V51.2ZM57.6 38.4H35.2V32H57.6V38.4ZM57.6 25.6H6.4V16H57.6V25.6Z\" fill=\"var(--wp--preset--color--secondary)\"><\/path><\/svg><\/a><\/div>\n\n\n\n<h4 class=\"wp-block-heading has-text-align-center has-primary-color has-text-color has-small-font-size\"><a href=\"https:\/\/cedin.tisolucion.cl\/colegio-coquimbo\/horario-de-atencion\/\" data-type=\"page\" data-id=\"163\">\u00c1REA EDUCACI\u00d3N GENERAL B\u00c1SICA<\/a><\/h4>\n<\/div>\n\n\n\n<div class=\"wp-block-column is-vertically-aligned-center is-style-round-corners has-header-footer-background-color has-background is-layout-flow wp-block-column-is-layout-flow\" style=\"padding-top:80px;padding-right:var(--wp--preset--spacing--medium);padding-bottom:80px;padding-left:var(--wp--preset--spacing--medium)\">\n<div class=\"wp-block-outermost-icon-block items-justified-center\"><a class=\"icon-container\" href=\"https:\/\/cedin.tisolucion.cl\/colegio-coquimbo\/horario-de-atencion-adi\/\" style=\"width:48px\"><svg width=\"64\" height=\"58\" viewBox=\"0 0 64 58\" fill=\"none\" xmlns=\"http:\/\/www.w3.org\/2000\/svg\"><path d=\"M64 0L58.656 5.344L53.344 0L48 5.344L42.656 0L37.344 5.344L32 0L26.656 5.344L21.344 0L16 5.344L10.656 0L5.344 5.344L0 0V51.2C0 54.72 2.88 57.6 6.4 57.6H57.6C61.12 57.6 64 54.72 64 51.2V0ZM28.8 51.2H6.4V32H28.8V51.2ZM57.6 51.2H35.2V44.8H57.6V51.2ZM57.6 38.4H35.2V32H57.6V38.4ZM57.6 25.6H6.4V16H57.6V25.6Z\" fill=\"var(--wp--preset--color--secondary)\"><\/path><\/svg><\/a><\/div>\n\n\n\n<h4 class=\"wp-block-heading has-text-align-center has-primary-color has-text-color has-small-font-size\"><a href=\"https:\/\/cedin.tisolucion.cl\/colegio-coquimbo\/horario-de-atencion-adi\/\" data-type=\"page\" data-id=\"191\">\u00c1REA TRASTORNO DEL DESARROLLO INTELECTUAL<\/a><\/h4>\n<\/div>\n\n\n\n<div class=\"wp-block-column is-vertically-aligned-center is-style-round-corners has-secondary-background-color has-background is-layout-flow wp-block-column-is-layout-flow\" style=\"padding-top:80px;padding-right:var(--wp--preset--spacing--medium);padding-bottom:80px;padding-left:var(--wp--preset--spacing--medium)\">\n<div class=\"wp-block-outermost-icon-block items-justified-center\"><div class=\"icon-container\" style=\"width:48px\"><svg width=\"64\" height=\"58\" viewBox=\"0 0 64 58\" fill=\"none\" xmlns=\"http:\/\/www.w3.org\/2000\/svg\"><path d=\"M64 0L58.656 5.344L53.344 0L48 5.344L42.656 0L37.344 5.344L32 0L26.656 5.344L21.344 0L16 5.344L10.656 0L5.344 5.344L0 0V51.2C0 54.72 2.88 57.6 6.4 57.6H57.6C61.12 57.6 64 54.72 64 51.2V0ZM28.8 51.2H6.4V32H28.8V51.2ZM57.6 51.2H35.2V44.8H57.6V51.2ZM57.6 38.4H35.2V32H57.6V38.4ZM57.6 25.6H6.4V16H57.6V25.6Z\" fill=\"var(--wp--preset--color--secondary)\"><\/path><\/svg><\/div><\/div>\n\n\n\n<h4 class=\"wp-block-heading has-text-align-center has-primary-color has-text-color has-small-font-size\">\u00c1REA TRASTORNOS ESP. DEL LENGUAJE<\/h4>\n<\/div>\n<\/div>\n<\/main>\n\n\n\n<p><\/p>\n","protected":false},"excerpt":{"rendered":"<p>HORARIO DE ATENCI\u00d3N DE PADRES Y APODERADOS \u00c1REA TRASTORNOS ESPEC\u00cdFICOS DEL LENGUAJE A\u00d1O ACAD\u00c9MICO 2024 NOMBRE DOCENTE CURSO \/ ASIGNATURA HORARIO ELISABETH FERN\u00c1NDEZ NIVEL MEDIO MARTES \/ 15:15 A 16:00 MAR\u00cdA EUGENIA TELLO PRE-KINDER A MI\u00c9RCOLES \/ 16:00 A 16:45 MAR\u00cdA EUGENIA TELLO KINDER A MI\u00c9RCOLES \/ 10:15 A 11:00 CAROLINA MART\u00cdNEZ KINDER B MI\u00c9RCOLES [&hellip;]<\/p>\n","protected":false},"author":1,"featured_media":0,"parent":0,"menu_order":0,"comment_status":"closed","ping_status":"closed","template":"","meta":{"footnotes":""},"class_list":["post-201","page","type-page","status-publish","hentry"],"_links":{"self":[{"href":"https:\/\/cedin.tisolucion.cl\/colegio-coquimbo\/wp-json\/wp\/v2\/pages\/201","targetHints":{"allow":["GET"]}}],"collection":[{"href":"https:\/\/cedin.tisolucion.cl\/colegio-coquimbo\/wp-json\/wp\/v2\/pages"}],"about":[{"href":"https:\/\/cedin.tisolucion.cl\/colegio-coquimbo\/wp-json\/wp\/v2\/types\/page"}],"author":[{"embeddable":true,"href":"https:\/\/cedin.tisolucion.cl\/colegio-coquimbo\/wp-json\/wp\/v2\/users\/1"}],"replies":[{"embeddable":true,"href":"https:\/\/cedin.tisolucion.cl\/colegio-coquimbo\/wp-json\/wp\/v2\/comments?post=201"}],"version-history":[{"count":4,"href":"https:\/\/cedin.tisolucion.cl\/colegio-coquimbo\/wp-json\/wp\/v2\/pages\/201\/revisions"}],"predecessor-version":[{"id":881,"href":"https:\/\/cedin.tisolucion.cl\/colegio-coquimbo\/wp-json\/wp\/v2\/pages\/201\/revisions\/881"}],"wp:attachment":[{"href":"https:\/\/cedin.tisolucion.cl\/colegio-coquimbo\/wp-json\/wp\/v2\/media?parent=201"}],"curies":[{"name":"wp","href":"https:\/\/api.w.org\/{rel}","templated":true}]}}