{"id":245,"date":"2024-04-09T12:40:36","date_gmt":"2024-04-09T15:40:36","guid":{"rendered":"https:\/\/cedin.tisolucion.cl\/colegio-coquimbo\/?page_id=245"},"modified":"2024-05-23T20:08:31","modified_gmt":"2024-05-23T23:08:31","slug":"biblioteca-coqbo","status":"publish","type":"page","link":"https:\/\/cedin.tisolucion.cl\/colegio-coquimbo\/biblioteca-coqbo\/","title":{"rendered":"Biblioteca CRA"},"content":{"rendered":"\n<p class=\"has-text-align-center\"><strong>CENTRO DE RECURSOS PARA EL APRENDIZAJE<\/strong><\/p>\n\n\n\n<div style=\"height:82px\" aria-hidden=\"true\" class=\"wp-block-spacer\"><\/div>\n\n\n\n<div class=\"wp-block-columns is-layout-flex wp-container-core-columns-is-layout-28f84493 wp-block-columns-is-layout-flex\">\n<div class=\"wp-block-column is-layout-flow wp-block-column-is-layout-flow\">\n<p><span style=\"font-size:14.0pt;line-height:107%;\nfont-family:&quot;Calibri&quot;,sans-serif;mso-ascii-theme-font:minor-latin;mso-fareast-font-family:\nCalibri;mso-fareast-theme-font:minor-latin;mso-hansi-theme-font:minor-latin;\nmso-bidi-font-family:&quot;Times New Roman&quot;;mso-bidi-theme-font:minor-bidi;\nmso-ansi-language:ES-CL;mso-fareast-language:EN-US;mso-bidi-language:AR-SA\">Nuestra Biblioteca CRA, es un espacio enriquecedor que hace sentir bienvenido a cada uno de nuestros estudiantes que la visitan y tiene como objetivo principal promover el amor por la lectura a trav\u00e9s de la exploraci\u00f3n de distintos textos y g\u00e9neros literarios. Es as\u00ed que los encargados de este espacio incentivan cada d\u00eda en nuestros estudiantes el h\u00e1bito de la lectura tanto por diversi\u00f3n como para su aprendizaje; como en el caso de la lectura domiciliaria. Por este motivo hemos implementado estrategias para asegurar que cada uno de ellos, independiente de sus habilidades o necesidades espec\u00edficas, tengan acceso a una amplia variedad de material de lectura apto para su nivel educativo. Nuestra biblioteca tambi\u00e9n fomenta la creatividad y expresi\u00f3n creadora al proporcionar un espacio y actividades que la estimulen; como son los concursos literarios, de pintura, fotograf\u00eda y disfraces entre otros. <\/span><\/p>\n<\/div>\n\n\n\n<div class=\"wp-block-column is-layout-flow wp-block-column-is-layout-flow\">\n<figure class=\"wp-block-image aligncenter size-full is-resized has-custom-border\"><img loading=\"lazy\" decoding=\"async\" width=\"456\" height=\"608\" src=\"https:\/\/cedin.tisolucion.cl\/colegio-coquimbo\/wp-content\/uploads\/sites\/3\/2024\/04\/f1_biblioteca_cedin-rotated.jpg\" alt=\"\" class=\"wp-image-248\" style=\"border-radius:14px;width:316px;height:auto\" srcset=\"https:\/\/cedin.tisolucion.cl\/colegio-coquimbo\/wp-content\/uploads\/sites\/3\/2024\/04\/f1_biblioteca_cedin-rotated.jpg 456w, https:\/\/cedin.tisolucion.cl\/colegio-coquimbo\/wp-content\/uploads\/sites\/3\/2024\/04\/f1_biblioteca_cedin-225x300.jpg 225w\" sizes=\"auto, (max-width: 456px) 100vw, 456px\" \/><figcaption class=\"wp-element-caption\">Actividad Biblioteca<\/figcaption><\/figure>\n<\/div>\n<\/div>\n\n\n\n<div class=\"wp-block-columns is-layout-flex wp-container-core-columns-is-layout-28f84493 wp-block-columns-is-layout-flex\">\n<div class=\"wp-block-column is-layout-flow wp-block-column-is-layout-flow\">\n<figure class=\"wp-block-image size-full has-custom-border\"><img loading=\"lazy\" decoding=\"async\" width=\"1024\" height=\"768\" src=\"https:\/\/cedin.tisolucion.cl\/colegio-coquimbo\/wp-content\/uploads\/sites\/3\/2024\/04\/f2_biblioteca_cedin.jpg\" alt=\"\" class=\"wp-image-249\" style=\"border-radius:14px\" srcset=\"https:\/\/cedin.tisolucion.cl\/colegio-coquimbo\/wp-content\/uploads\/sites\/3\/2024\/04\/f2_biblioteca_cedin.jpg 1024w, https:\/\/cedin.tisolucion.cl\/colegio-coquimbo\/wp-content\/uploads\/sites\/3\/2024\/04\/f2_biblioteca_cedin-300x225.jpg 300w, https:\/\/cedin.tisolucion.cl\/colegio-coquimbo\/wp-content\/uploads\/sites\/3\/2024\/04\/f2_biblioteca_cedin-768x576.jpg 768w\" sizes=\"auto, (max-width: 1024px) 100vw, 1024px\" \/><\/figure>\n<\/div>\n\n\n\n<div class=\"wp-block-column is-layout-flow wp-block-column-is-layout-flow\">\n<div style=\"height:100px\" aria-hidden=\"true\" class=\"wp-block-spacer\"><\/div>\n\n\n\n<p>&nbsp;&nbsp;&nbsp;&nbsp;&nbsp; A trav\u00e9s de distintas actividades tambi\u00e9n queremos potenciar su capacidad investigadora planificando para ello, conversatorios de temas atingentes como por ejemplo el eclipse solar, el calentamiento global, la vida sustentable, entre otros de su inter\u00e9s. Este centro de recursos tambi\u00e9n es un apoyo a la labor educativa realizada en el aula por lo que proporciona recursos y materiales que complementan el plan de estudio de cada \u00e1rea educativa (Educaci\u00f3n b\u00e1sica, Discapacidad Intelectual y Trastornos espec\u00edficos del Lenguaje) ofreciendo cuentos infantiles, enciclopedias, novelas, c\u00f3mic, diccionarios, revistas, tableros de ajedrez, globos terr\u00e1queos, tangramas entre otros recursos relacionados con las \u00e1reas de estudio y proyectos educativos.&nbsp;<\/p>\n<\/div>\n<\/div>\n\n\n\n<div class=\"wp-block-columns is-layout-flex wp-container-core-columns-is-layout-28f84493 wp-block-columns-is-layout-flex\">\n<div class=\"wp-block-column is-layout-flow wp-block-column-is-layout-flow\">\n<div style=\"height:138px\" aria-hidden=\"true\" class=\"wp-block-spacer\"><\/div>\n\n\n\n<p>Es as\u00ed que la coordinadora y encargada de la biblioteca CRA desarrollan un estrecho trabajo con los docentes de aula para integrar los recursos de la biblioteca en el plan de estudio y as\u00ed apoyar tanto las necesidades espec\u00edficas de los estudiantes. &nbsp;Nuestra biblioteca tambi\u00e9n quiere integrar a la comunidad educativa para lo cual organizan actividades como Cuenta cuentos, Charlas de autores, eventos culturales, caf\u00e9 literarios y torneos de ajedrez. Esto y mucho m\u00e1s les espera en nuestra biblioteca CRA.<\/p>\n<\/div>\n\n\n\n<div class=\"wp-block-column is-layout-flow wp-block-column-is-layout-flow\">\n<div class=\"wp-block-columns is-layout-flex wp-container-core-columns-is-layout-28f84493 wp-block-columns-is-layout-flex\">\n<div class=\"wp-block-column is-layout-flow wp-block-column-is-layout-flow\"><\/div>\n<\/div>\n\n\n\n<figure class=\"wp-block-image aligncenter size-full is-resized has-custom-border\"><img loading=\"lazy\" decoding=\"async\" width=\"1024\" height=\"768\" src=\"https:\/\/cedin.tisolucion.cl\/colegio-coquimbo\/wp-content\/uploads\/sites\/3\/2024\/04\/f4_biblioteca_cedin.jpg\" alt=\"\" class=\"wp-image-251\" style=\"border-radius:14px;width:489px;height:auto\" srcset=\"https:\/\/cedin.tisolucion.cl\/colegio-coquimbo\/wp-content\/uploads\/sites\/3\/2024\/04\/f4_biblioteca_cedin.jpg 1024w, https:\/\/cedin.tisolucion.cl\/colegio-coquimbo\/wp-content\/uploads\/sites\/3\/2024\/04\/f4_biblioteca_cedin-300x225.jpg 300w, https:\/\/cedin.tisolucion.cl\/colegio-coquimbo\/wp-content\/uploads\/sites\/3\/2024\/04\/f4_biblioteca_cedin-768x576.jpg 768w\" sizes=\"auto, (max-width: 1024px) 100vw, 1024px\" \/><\/figure>\n<\/div>\n<\/div>\n\n\n\n<div class=\"wp-block-columns is-layout-flex wp-container-core-columns-is-layout-28f84493 wp-block-columns-is-layout-flex\">\n<div class=\"wp-block-column is-layout-flow wp-block-column-is-layout-flow\"><\/div>\n\n\n\n<div class=\"wp-block-column is-layout-flow wp-block-column-is-layout-flow\"><\/div>\n<\/div>\n\n\n\n<figure class=\"wp-block-embed is-type-video is-provider-youtube wp-block-embed-youtube wp-embed-aspect-16-9 wp-has-aspect-ratio\"><div class=\"wp-block-embed__wrapper\">\n<iframe loading=\"lazy\" title=\"CEDIN Coquimbo Biblioteca\" width=\"500\" height=\"281\" src=\"https:\/\/www.youtube.com\/embed\/Dvi3u-iNMyA?feature=oembed\" frameborder=\"0\" allow=\"accelerometer; autoplay; clipboard-write; encrypted-media; gyroscope; picture-in-picture; web-share\" referrerpolicy=\"strict-origin-when-cross-origin\" allowfullscreen><\/iframe>\n<\/div><\/figure>\n","protected":false},"excerpt":{"rendered":"<p>CENTRO DE RECURSOS PARA EL APRENDIZAJE Nuestra Biblioteca CRA, es un espacio enriquecedor que hace sentir bienvenido a cada uno de nuestros estudiantes que la visitan y tiene como objetivo principal promover el amor por la lectura a trav\u00e9s de la exploraci\u00f3n de distintos textos y g\u00e9neros literarios. Es as\u00ed que los encargados de este [&hellip;]<\/p>\n","protected":false},"author":1,"featured_media":0,"parent":0,"menu_order":0,"comment_status":"closed","ping_status":"closed","template":"","meta":{"footnotes":""},"class_list":["post-245","page","type-page","status-publish","hentry"],"_links":{"self":[{"href":"https:\/\/cedin.tisolucion.cl\/colegio-coquimbo\/wp-json\/wp\/v2\/pages\/245","targetHints":{"allow":["GET"]}}],"collection":[{"href":"https:\/\/cedin.tisolucion.cl\/colegio-coquimbo\/wp-json\/wp\/v2\/pages"}],"about":[{"href":"https:\/\/cedin.tisolucion.cl\/colegio-coquimbo\/wp-json\/wp\/v2\/types\/page"}],"author":[{"embeddable":true,"href":"https:\/\/cedin.tisolucion.cl\/colegio-coquimbo\/wp-json\/wp\/v2\/users\/1"}],"replies":[{"embeddable":true,"href":"https:\/\/cedin.tisolucion.cl\/colegio-coquimbo\/wp-json\/wp\/v2\/comments?post=245"}],"version-history":[{"count":5,"href":"https:\/\/cedin.tisolucion.cl\/colegio-coquimbo\/wp-json\/wp\/v2\/pages\/245\/revisions"}],"predecessor-version":[{"id":734,"href":"https:\/\/cedin.tisolucion.cl\/colegio-coquimbo\/wp-json\/wp\/v2\/pages\/245\/revisions\/734"}],"wp:attachment":[{"href":"https:\/\/cedin.tisolucion.cl\/colegio-coquimbo\/wp-json\/wp\/v2\/media?parent=245"}],"curies":[{"name":"wp","href":"https:\/\/api.w.org\/{rel}","templated":true}]}}