{"id":869,"date":"2024-06-17T17:23:51","date_gmt":"2024-06-17T21:23:51","guid":{"rendered":"https:\/\/cedin.tisolucion.cl\/colegio-coquimbo\/?page_id=869"},"modified":"2024-06-17T17:23:51","modified_gmt":"2024-06-17T21:23:51","slug":"convivencia-escolar","status":"publish","type":"page","link":"https:\/\/cedin.tisolucion.cl\/colegio-coquimbo\/convivencia-escolar\/","title":{"rendered":"Convivencia Escolar"},"content":{"rendered":"\n<p>El establecimiento deber\u00e1 adoptar las acciones necesarias para la correcta, oportuna y completa difusi\u00f3n acerca de<br>las normas y planes relativos a la convivencia escolar a trav\u00e9s de todos los medios disponibles, para que la<br>comunidad educativa est\u00e9 permanentemente informada y pueda ejercer sus derechos y cumplir sus deberes.<\/p>\n\n\n\n<p><\/p>\n\n\n\n<div data-wp-interactive=\"core\/file\" class=\"wp-block-file\"><object data-wp-bind--hidden=\"!state.hasPdfPreview\" hidden class=\"wp-block-file__embed\" data=\"https:\/\/cedin.tisolucion.cl\/colegio-coquimbo\/wp-content\/uploads\/sites\/3\/2024\/06\/REGLAMENTO-INTERNO-para-apoderados-Ano-2024.pdf\" type=\"application\/pdf\" style=\"width:100%;height:600px\" aria-label=\"Incrustado de REGLAMENTO INTERNO 2024.\"><\/object><a id=\"wp-block-file--media-17fd959c-4076-4220-9dc8-8728bc9128dd\" href=\"https:\/\/cedin.tisolucion.cl\/colegio-coquimbo\/wp-content\/uploads\/sites\/3\/2024\/06\/REGLAMENTO-INTERNO-para-apoderados-Ano-2024.pdf\">REGLAMENTO INTERNO 2024<\/a><a href=\"https:\/\/cedin.tisolucion.cl\/colegio-coquimbo\/wp-content\/uploads\/sites\/3\/2024\/06\/REGLAMENTO-INTERNO-para-apoderados-Ano-2024.pdf\" class=\"wp-block-file__button wp-element-button\" download aria-describedby=\"wp-block-file--media-17fd959c-4076-4220-9dc8-8728bc9128dd\">Descargar<\/a><\/div>\n","protected":false},"excerpt":{"rendered":"<p>El establecimiento deber\u00e1 adoptar las acciones necesarias para la correcta, oportuna y completa difusi\u00f3n acerca delas normas y planes relativos a la convivencia escolar a trav\u00e9s de todos los medios disponibles, para que lacomunidad educativa est\u00e9 permanentemente informada y pueda ejercer sus derechos y cumplir sus deberes.<\/p>\n","protected":false},"author":1,"featured_media":0,"parent":0,"menu_order":0,"comment_status":"closed","ping_status":"closed","template":"","meta":{"footnotes":""},"class_list":["post-869","page","type-page","status-publish","hentry"],"_links":{"self":[{"href":"https:\/\/cedin.tisolucion.cl\/colegio-coquimbo\/wp-json\/wp\/v2\/pages\/869","targetHints":{"allow":["GET"]}}],"collection":[{"href":"https:\/\/cedin.tisolucion.cl\/colegio-coquimbo\/wp-json\/wp\/v2\/pages"}],"about":[{"href":"https:\/\/cedin.tisolucion.cl\/colegio-coquimbo\/wp-json\/wp\/v2\/types\/page"}],"author":[{"embeddable":true,"href":"https:\/\/cedin.tisolucion.cl\/colegio-coquimbo\/wp-json\/wp\/v2\/users\/1"}],"replies":[{"embeddable":true,"href":"https:\/\/cedin.tisolucion.cl\/colegio-coquimbo\/wp-json\/wp\/v2\/comments?post=869"}],"version-history":[{"count":2,"href":"https:\/\/cedin.tisolucion.cl\/colegio-coquimbo\/wp-json\/wp\/v2\/pages\/869\/revisions"}],"predecessor-version":[{"id":872,"href":"https:\/\/cedin.tisolucion.cl\/colegio-coquimbo\/wp-json\/wp\/v2\/pages\/869\/revisions\/872"}],"wp:attachment":[{"href":"https:\/\/cedin.tisolucion.cl\/colegio-coquimbo\/wp-json\/wp\/v2\/media?parent=869"}],"curies":[{"name":"wp","href":"https:\/\/api.w.org\/{rel}","templated":true}]}}