{"id":105,"date":"2024-09-27T08:32:02","date_gmt":"2024-09-27T11:32:02","guid":{"rendered":"https:\/\/cedin.tisolucion.cl\/colegio-tierras-blancas\/?page_id=105"},"modified":"2024-10-16T12:20:44","modified_gmt":"2024-10-16T15:20:44","slug":"horario-de-atencion-de-area-deficit-cognitivo","status":"publish","type":"page","link":"https:\/\/cedin.tisolucion.cl\/colegio-tierras-blancas\/horario-de-atencion-de-area-deficit-cognitivo\/","title":{"rendered":"Horario de atenci\u00f3n de \u00e1rea d\u00e9ficit cognitivo"},"content":{"rendered":"\n<main class=\"wp-block-group alignfull site-content has-black-primary-gradient-background has-background has-global-padding is-layout-constrained wp-block-group-is-layout-constrained\" id=\"links-4col\" style=\"margin-top:0;padding-top:80px;padding-bottom:80px\">\n<h3 class=\"wp-block-heading has-text-align-center has-header-footer-color has-text-color\"><strong>HORARIO DE ATENCI\u00d3N DE PADRES Y APODERADOS<\/strong><\/h3>\n\n\n\n<p class=\"has-text-align-center\"><strong>\u00c1REA D\u00c9FICIT COGNITIVO<\/strong> <strong>A\u00d1O ACAD\u00c9MICO 2024<\/strong><\/p>\n\n\n\n<div style=\"height:60px\" aria-hidden=\"true\" class=\"wp-block-spacer\"><\/div>\n\n\n\n<figure class=\"wp-block-table is-style-stripes\"><table style=\"border-style:none;border-width:0px\"><thead><tr><th>NOMBRE DOCENTE<\/th><th class=\"has-text-align-center\" data-align=\"center\">CURSO \/ ASIGNATURA<\/th><th class=\"has-text-align-center\" data-align=\"center\">HORARIO<\/th><\/tr><\/thead><tbody><tr><td>FABIOLA CORT\u00c9S<\/td><td class=\"has-text-align-center\" data-align=\"center\">PRE B\u00c1SICA ESPECIAL<\/td><td class=\"has-text-align-center\" data-align=\"center\">LUNES de 12:00 a 12:45<\/td><\/tr><tr><td>SANDRA MOR\u00c1N<\/td><td class=\"has-text-align-center\" data-align=\"center\">1\u00b0 Y 2\u00b0 B\u00c1SICO<\/td><td class=\"has-text-align-center\" data-align=\"center\">LUNES de 08:00 a 08:45<\/td><\/tr><tr><td>RITA GALLEGUILLOS<\/td><td class=\"has-text-align-center\" data-align=\"center\">3\u00b0 B\u00c1SICO<\/td><td class=\"has-text-align-center\" data-align=\"center\">JUEVES de 15:30 a 16:15<\/td><\/tr><tr><td>VIVIANA RAMOS<\/td><td class=\"has-text-align-center\" data-align=\"center\">4\u00b0 B\u00c1SICO<\/td><td class=\"has-text-align-center\" data-align=\"center\">MARTES de 14:15 a 15:00<\/td><\/tr><tr><td>ROC\u00cdO SAPIAIN<\/td><td class=\"has-text-align-center\" data-align=\"center\">5\u00b0 B\u00c1SICO<\/td><td class=\"has-text-align-center\" data-align=\"center\">MARTES de 09:45 a 10:30<\/td><\/tr><tr><td>VER\u00d3NICA TITO<\/td><td class=\"has-text-align-center\" data-align=\"center\">6\u00b0 B\u00c1SICO<\/td><td class=\"has-text-align-center\" data-align=\"center\">LUNES de 10:45 a 11:30<\/td><\/tr><tr><td>CINTHYA Z\u00da\u00d1IGA<\/td><td class=\"has-text-align-center\" data-align=\"center\">7\u00b0 B\u00c1SICO<\/td><td class=\"has-text-align-center\" data-align=\"center\">LUNES de 08:00 a 08:45<\/td><\/tr><tr><td>GABRIELA \u00c1LVAREZ<\/td><td class=\"has-text-align-center\" data-align=\"center\">8\u00b0 B\u00c1SICO<\/td><td class=\"has-text-align-center\" data-align=\"center\">LUNES de 10:30 a 11:15<\/td><\/tr><tr><td>DANILO QUIROZ<\/td><td class=\"has-text-align-center\" data-align=\"center\">EDUCACI\u00d3N F\u00cdSICA<\/td><td class=\"has-text-align-center\" data-align=\"center\">LUNES de 12:00 a 12:45<\/td><\/tr><tr><td>VER\u00d3NICA LARRONDO<\/td><td class=\"has-text-align-center\" data-align=\"center\">INGL\u00c9S<\/td><td class=\"has-text-align-center\" data-align=\"center\">MARTES de 09:45 a 10:30<\/td><\/tr><tr><td>MANUEL CONTRERAS<\/td><td class=\"has-text-align-center\" data-align=\"center\">M\u00daSICA<\/td><td class=\"has-text-align-center\" data-align=\"center\">MARTES de 15:30 a 16:15<\/td><\/tr><tr><td>ANA MAR\u00cdA CABRILLANA<\/td><td class=\"has-text-align-center\" data-align=\"center\">RELIGI\u00d3N<\/td><td class=\"has-text-align-center\" data-align=\"center\">VIERNES de 14:00 a 14:45<\/td><\/tr><\/tbody><\/table><figcaption class=\"wp-element-caption\">Horarios de atenci\u00f3n disponibles para el a\u00f1o 2024<\/figcaption><\/figure>\n\n\n\n<p class=\"has-text-align-center\"><strong><strong>KATIA ROMERO BORDONES<\/strong><\/strong><\/p>\n\n\n\n<p class=\"has-text-align-center\"><strong>JEFE UNIDAD T\u00c9CNICA PEDAG\u00d3GICA<\/strong><\/p>\n\n\n\n<p class=\"has-text-align-center\"><strong><strong>D\u00c9FICIT COGNITIVO<\/strong><\/strong><\/p>\n\n\n\n<p class=\"has-text-align-center\"><strong>COLEGIO Tierras Blancas<\/strong><\/p>\n\n\n\n<p class=\"has-text-align-center\"><strong>COQUIMBO<\/strong><\/p>\n\n\n\n<div class=\"wp-block-file aligncenter\"><a id=\"wp-block-file--media-31554519-3c08-4d97-b040-930afcc6ced0\" href=\"https:\/\/cedin.tisolucion.cl\/colegio-tierras-blancas\/wp-content\/uploads\/sites\/5\/2024\/10\/Atencion_Deficit_Cognitivo_2024.pdf\">Atenci\u00f3n_D\u00e9ficit_Cognitivo_2024<\/a><a href=\"https:\/\/cedin.tisolucion.cl\/colegio-tierras-blancas\/wp-content\/uploads\/sites\/5\/2024\/10\/Atencion_Deficit_Cognitivo_2024.pdf\" class=\"wp-block-file__button wp-element-button\" download aria-describedby=\"wp-block-file--media-31554519-3c08-4d97-b040-930afcc6ced0\">Descargar<\/a><\/div>\n<\/main>\n\n\n\n<main class=\"wp-block-group alignfull site-content has-primary-background-color has-background has-global-padding is-layout-constrained wp-block-group-is-layout-constrained\" id=\"links-4col\" style=\"margin-top:0;padding-top:80px;padding-bottom:80px\">\n<h3 class=\"wp-block-heading has-text-align-center has-white-color has-text-color\">Horario Atenci\u00f3n<\/h3>\n\n\n\n<div style=\"height:60px\" aria-hidden=\"true\" class=\"wp-block-spacer\"><\/div>\n\n\n\n<div class=\"wp-block-columns is-layout-flex wp-container-core-columns-is-layout-28f84493 wp-block-columns-is-layout-flex\">\n<div class=\"wp-block-column is-vertically-aligned-center is-style-round-corners has-secondary-background-color has-background is-layout-flow wp-block-column-is-layout-flow\" style=\"padding-top:80px;padding-right:var(--wp--preset--spacing--medium);padding-bottom:80px;padding-left:var(--wp--preset--spacing--medium)\">\n<div class=\"wp-block-outermost-icon-block items-justified-center\"><div class=\"icon-container\" style=\"width:48px\"><svg width=\"64\" height=\"58\" viewBox=\"0 0 64 58\" fill=\"none\" xmlns=\"http:\/\/www.w3.org\/2000\/svg\"><path d=\"M64 0L58.656 5.344L53.344 0L48 5.344L42.656 0L37.344 5.344L32 0L26.656 5.344L21.344 0L16 5.344L10.656 0L5.344 5.344L0 0V51.2C0 54.72 2.88 57.6 6.4 57.6H57.6C61.12 57.6 64 54.72 64 51.2V0ZM28.8 51.2H6.4V32H28.8V51.2ZM57.6 51.2H35.2V44.8H57.6V51.2ZM57.6 38.4H35.2V32H57.6V38.4ZM57.6 25.6H6.4V16H57.6V25.6Z\" fill=\"var(--wp--preset--color--secondary)\"><\/path><\/svg><\/div><\/div>\n\n\n\n<h4 class=\"wp-block-heading has-text-align-center has-primary-color has-text-color has-small-font-size\">\u00c1REA D\u00c9FICIT COGNITIVO<\/h4>\n<\/div>\n\n\n\n<div class=\"wp-block-column is-vertically-aligned-center is-style-round-corners has-header-footer-background-color has-background is-layout-flow wp-block-column-is-layout-flow\" style=\"padding-top:80px;padding-right:var(--wp--preset--spacing--medium);padding-bottom:80px;padding-left:var(--wp--preset--spacing--medium)\">\n<div class=\"wp-block-outermost-icon-block items-justified-center\"><a class=\"icon-container\" href=\"https:\/\/cedin.tisolucion.cl\/colegio-tierras-blancas\/horario-de-atencion-tras-esp-lenguaje\/\" style=\"width:48px\"><svg width=\"64\" height=\"58\" viewBox=\"0 0 64 58\" fill=\"none\" xmlns=\"http:\/\/www.w3.org\/2000\/svg\"><path d=\"M64 0L58.656 5.344L53.344 0L48 5.344L42.656 0L37.344 5.344L32 0L26.656 5.344L21.344 0L16 5.344L10.656 0L5.344 5.344L0 0V51.2C0 54.72 2.88 57.6 6.4 57.6H57.6C61.12 57.6 64 54.72 64 51.2V0ZM28.8 51.2H6.4V32H28.8V51.2ZM57.6 51.2H35.2V44.8H57.6V51.2ZM57.6 38.4H35.2V32H57.6V38.4ZM57.6 25.6H6.4V16H57.6V25.6Z\" fill=\"var(--wp--preset--color--secondary)\"><\/path><\/svg><\/a><\/div>\n\n\n\n<h4 class=\"wp-block-heading has-text-align-center has-primary-color has-text-color has-small-font-size\"><a href=\"https:\/\/cedin.tisolucion.cl\/colegio-tierras-blancas\/horario-de-atencion-tras-esp-lenguaje\/\" data-type=\"page\" data-id=\"126\">\u00c1REA TRASTORNOS ESP. DEL LENGUAJE<\/a><\/h4>\n<\/div>\n<\/div>\n\n\n\n<p><\/p>\n\n\n\n<p><\/p>\n\n\n\n<p><\/p>\n\n\n\n<p><\/p>\n\n\n\n<p><\/p>\n<\/main>\n","protected":false},"excerpt":{"rendered":"<p>HORARIO DE ATENCI\u00d3N DE PADRES Y APODERADOS \u00c1REA D\u00c9FICIT COGNITIVO A\u00d1O ACAD\u00c9MICO 2024 NOMBRE DOCENTE CURSO \/ ASIGNATURA HORARIO FABIOLA CORT\u00c9S PRE B\u00c1SICA ESPECIAL LUNES de 12:00 a 12:45 SANDRA MOR\u00c1N 1\u00b0 Y 2\u00b0 B\u00c1SICO LUNES de 08:00 a 08:45 RITA GALLEGUILLOS 3\u00b0 B\u00c1SICO JUEVES de 15:30 a 16:15 VIVIANA RAMOS 4\u00b0 B\u00c1SICO MARTES de [&hellip;]<\/p>\n","protected":false},"author":1,"featured_media":0,"parent":0,"menu_order":0,"comment_status":"closed","ping_status":"closed","template":"","meta":{"footnotes":""},"class_list":["post-105","page","type-page","status-publish","hentry"],"_links":{"self":[{"href":"https:\/\/cedin.tisolucion.cl\/colegio-tierras-blancas\/wp-json\/wp\/v2\/pages\/105","targetHints":{"allow":["GET"]}}],"collection":[{"href":"https:\/\/cedin.tisolucion.cl\/colegio-tierras-blancas\/wp-json\/wp\/v2\/pages"}],"about":[{"href":"https:\/\/cedin.tisolucion.cl\/colegio-tierras-blancas\/wp-json\/wp\/v2\/types\/page"}],"author":[{"embeddable":true,"href":"https:\/\/cedin.tisolucion.cl\/colegio-tierras-blancas\/wp-json\/wp\/v2\/users\/1"}],"replies":[{"embeddable":true,"href":"https:\/\/cedin.tisolucion.cl\/colegio-tierras-blancas\/wp-json\/wp\/v2\/comments?post=105"}],"version-history":[{"count":9,"href":"https:\/\/cedin.tisolucion.cl\/colegio-tierras-blancas\/wp-json\/wp\/v2\/pages\/105\/revisions"}],"predecessor-version":[{"id":238,"href":"https:\/\/cedin.tisolucion.cl\/colegio-tierras-blancas\/wp-json\/wp\/v2\/pages\/105\/revisions\/238"}],"wp:attachment":[{"href":"https:\/\/cedin.tisolucion.cl\/colegio-tierras-blancas\/wp-json\/wp\/v2\/media?parent=105"}],"curies":[{"name":"wp","href":"https:\/\/api.w.org\/{rel}","templated":true}]}}